 + 1, -j + 5*w = -t. What are the prime factors of j?
2
What are the prime factors of (-2542)/(-124)*5/(10/12)?
3, 41
Suppose -n = -l - 2, 3*n + 4 = l - 0. List the prime factors of -2 - -2 - l*1.
5
Suppose 4*k + 7 + 1 = 0. Let w be k/4 - 57/(-2). Suppose 2*z - w = -0*z. List the prime factors of z.
2, 7
Let x = 5 - 5. What are the prime factors of (-17)/3*-3 - x?
17
Let v(n) = -2*n - 15. Let d be v(-10). Let x = d - -1. List the prime factors of x.
2, 3
Suppose -2*j = -239 + 5. What are the prime factors of j?
3, 13
Let c(m) = -m**3 + m**2 - m. Let y be c(0). Suppose y = -i + 16 - 4. What are the prime factors of i?
2, 3
Let i be 5 + 5 + (-1 - 2). Suppose -24 = -i*g + 3*g. Suppose -8 = -0*w - 4*w, h = 2*w + g. List the prime factors of h.
2, 5
Let l = 19 + -10. Suppose 0 = y - 4 - l. What are the prime factors of y?
13
Suppose 5*n = 25, -2*n = -3*f - 6*n + 20. Suppose -o = -f*o. Suppose o = -h + 2*h - 6. List the prime factors of h.
2, 3
Let d(p) = p**3 - 7*p**2 - 5*p - 1. Let u be d(7). Let g = u - -56. List the prime factors of g.
2, 5
Suppose 0 = -2*y + 5*y + 243. Let b = y + 113. Suppose z + 12 - b = -m, 2*m - 22 = 4*z. List the prime factors of m.
17
Suppose -3*d - 4*i + 70 = 0, 73 = 4*d - 2*i - 57. List the prime factors of d.
2, 3, 5
Let v = 16 + -13. Suppose -24 = -s + 3*c, -55 = s - v*s - c. List the prime factors of s.
3
Suppose -x - 3*x + 4 = 0, -4*x = 2*h - 32. Let r = -40 + 46. Suppose l - r*l + 4*s + 22 = 0, 0 = l + 4*s - h. What are the prime factors of l?
2, 3
Suppose 3*m + 0 = 5*b - 2, -b + 18 = -5*m. Let j(r) = -4*r + 2 + 6*r + 4*r**2 + 2*r. List the prime factors of j(b).
2, 5
Suppose 13*k = 5*k + 2632. What are the prime factors of k?
7, 47
Suppose 4*w - w = -69. Let u = w - -41. Suppose -2*h + z = -17, u = 2*h - 4*z + 2*z. What are the prime factors of h?
2
Let y be 2/(-11) + (-1340)/(-110). Suppose 7 = o - y. List the prime factors of o.
19
Let j be -1 + (14 - 2) - -1. What are the prime factors of 177/j - (-2)/8?
3, 5
Let k be 3*(-2 + 3/1). Suppose -5*p - 2*f + 11 = -13, 2*f = k*p - 8. Suppose 40 = 4*w + 4*b, -2 = -2*b - p. What are the prime factors of w?
11
Let y(q) = -5*q. Let o(x) = x - 1. Let a(k) = 4*o(k) + y(k). Let z be a(-6). Suppose -3*v + z*r - 2 = -4*v, r = -2*v + 7. What are the prime factors of v?
2
Suppose s - 49 = -2*y, 2*y - 89 = -2*y + s. Suppose 4*u + 25 = -u, 4*d = 3*u + y. List the prime factors of d.
2
Let o be (2 - 0)/((-10)/65). Let h = o + 22. What are the prime factors of h?
3
Let i(r) = -r**2 + 2*r - 1. Let z be 1 + (1 - 0 - 1). Let a be i(z). What are the prime factors of (a + 4)*3/1?
2, 3
Let p(i) = -i**3 - 6*i**2 - 2*i - 7. Let s be p(-6). Let k = -5 + s. Suppose 3*a - 57 + 9 = k. List the prime factors of a.
2
Let k(s) = 3*s + 12. Let y(x) = -x - 1. Let m(o) = k(o) + 4*y(o). Let v be m(6). Suppose 3*w = -v + 23. List the prime factors of w.
7
Let b = -605 + 975. What are the prime factors of b?
2, 5, 37
Suppose 22*a - 17*a - 80 = 0. What are the prime factors of a?
2
Suppose 6 + 8 = 7*p. What are the prime factors of p?
2
Let o = -9 - -21. Let j = -7 + o. What are the prime factors of j?
5
Suppose 5*s - 23 = -2*t - 2*t, 4*s = -t + 14. Let l be 2 + (t - 2)/(-3). Suppose l*f = -5*q - 3*f + 65, -q + 5 = -3*f. List the prime factors of q.
11
List the prime factors of (-16)/20 + 1428/10 - 1.
3, 47
Let h be 3/6 - 13/2. Suppose -k = 5*u - 57, 5*k + 12 - 33 = -u. Let b = u + h. What are the prime factors of b?
5
Let j be (-2)/(9/6 - 2). Suppose 4*t - 2*k - 46 = 0, j*t - 4*k - 13 = 43. List the prime factors of t.
3
List the prime factors of 16/40 + (-163)/(-5).
3, 11
Suppose 3*t = 9*t - 600. What are the prime factors of t?
2, 5
Let v = 2 + 339. What are the prime factors of v?
11, 31
Let y(k) = -k**2 + 13*k + 7. List the prime factors of y(13).
7
Let s = 11 + -18. What are the prime factors of (-2 + s)/(-3 - -2)?
3
Suppose -n = 4*q + 2, -6*n = -4*q - n + 10. Suppose -u - 4*g = -3, q*u - 3*g = u - 6. List the prime factors of u.
3, 5
Let u be (-3)/(-6)*4/2. Let h(c) = 10*c**2 - 2*c + 1. What are the prime factors of h(u)?
3
Suppose -646 - 134 = -13*a. List the prime factors of a.
2, 3, 5
Let q = 3 + 1. Suppose 27 = -q*f + 95. List the prime factors of f.
17
Let r be (-4 - (-5 + 2)) + 4. Suppose r*q + 2 = -1, 3*q - 102 = -5*c. What are the prime factors of c?
3, 7
Let n = -25 + 15. Let i be (-18)/(-5) - (-6)/n. Let q(j) = 4*j + 1. What are the prime factors of q(i)?
13
Suppose -4*p - 488 + 1552 = 0. List the prime factors of p.
2, 7, 19
Let l = -7 + 12. What are the prime factors of l?
5
Suppose -2*h - 4*p - 16 = -0*h, 12 = -3*p. Let s be 20 + h/1 + 3. Suppose 3 = -2*u + s. List the prime factors of u.
2, 5
Suppose 4*m - m = -3*b + 3, 3*m - 8 = -4*b. Suppose -5*j = -0 - b. List the prime factors of 2*(1 - -1 - j).
2
Let z(q) = -q - 6. Suppose -w + 3*x = w + 16, -w - x = 3. Let u be z(w). Let i = 3 - u. List the prime factors of i.
2
Let w(v) = 2*v**2 - 2*v - 3. Let s be w(-2). Let r be (1 + 9)/(4/2). Suppose -l + s = u + u, -r*u - l = -24. List the prime factors of u.
5
Let p(u) = 2*u**2 - 6*u + 14. What are the prime factors of p(6)?
2, 5
Suppose -2*a = -5*g - 0*a + 285, 5*a + 285 = 5*g. What are the prime factors of -1*2/((-6)/g)?
19
Suppose -l + 2*y = 0, 3*y + 4 = -2*l + 11. Let w be ((-5)/((-10)/12))/(-1). List the prime factors of (21/w)/(l/(-4)).
7
Let q(p) = -p**2 + 6*p + 5. Let d be q(7). Let c be 0 + 4 + d + 0. Suppose 0 = -x + 6 - c. List the prime factors of x.
2
Let j(y) = y**3 + 5*y**2 + 6*y + 6. Let n be j(-4). Suppose -5*b - 2 = 4*h, 15 - 3 = -2*h + 3*b. List the prime factors of h*(0/n + -4).
2, 3
Suppose -3*a - 47 = 28. Let k = a - -49. List the prime factors of k.
2, 3
Let m = -10 + 14. Suppose -4 + 0 = -m*g. List the prime factors of (-86)/(-8) + g/4.
11
What are the prime factors of (49/(-14))/((-2)/4)?
7
Let l(y) = -y**2 - 4*y + 4. Let a be l(-3). Suppose -p + q = 1, -a - 15 = -2*p - 4*q. What are the prime factors of p?
3
Let u(r) = -3*r**2 + 0*r**2 + 5*r**3 - 2*r + 0*r**2 + 5*r. What are the prime factors of u(2)?
2, 17
Let f(m) be the first derivative of m**3/3 + m**2 + 1. What are the prime factors of f(-5)?
3, 5
Let b = -17 - -25. What are the prime factors of 76/b + (-2)/(-4)?
2, 5
Suppose 5*s = -3*h + 228, -5*s = -3*h - 88 - 164. What are the prime factors of s?
2, 3
Let v be 21/(-12)*(4 + -8). Let u(a) = -2*a + 4. Let r(n) = -1. Let d(w) = -8*r(w) - u(w). List the prime factors of d(v).
2, 3
Let t(m) = m**3 - 5*m**2 - 6*m + 6. Suppose -j = -4*x + 13, 3*j - 7*j - 3*x = -24. Suppose n + n - 8 = -4*s, s = -j*n + 17. What are the prime factors of t(n)?
2, 3
Suppose -176 = -4*g - 48. What are the prime factors of g?
2
Let c(q) = -9 - 1 - 14*q + 2*q + q**2. List the prime factors of c(14).
2, 3
Let u(i) = -i**3 - i + 3. Let a(n) = 2*n - 9. Let m be a(6). Let w(c) = -c + 3. Let f be w(m). List the prime factors of u(f).
3
Let z be (-4)/(-22) + 8/(-44). Suppose z*c = -5*c. Suppose q - 5*k - 9 = c, 27 + 18 = 5*q - 2*k. What are the prime factors of q?
3
Let t = 19 + -11. What are the prime factors of t?
2
Let t(o) = 3*o - 12. What are the prime factors of t(18)?
2, 3, 7
Let y = 4 + 6. List the prime factors of (y/15)/(1/30).
2, 5
Let b(x) = x. Let s(q) = q**3 - 5*q**2 + 2*q - 5. Let j(w) = -2*b(w) + s(w). Let k be j(5). Let i = k - -14. List the prime factors of i.
3
Suppose 0 = 4*x - 20, -5*x = 3*h - 33 - 16. Suppose -5*n + 2*z - 5*z = -15, -z + 12 = 4*n. Suppose n*j - h = -j. What are the prime factors of j?
2
Let i(x) = 6 + 33*x**2 - 4*x**3 - 4*x - 36*x**2 - 1 - 4. What are the prime factors of i(-2)?
29
Let m(b) = b**2 + 1. Let l be m(2). Suppose l*v - a - 167 = 0, 71 = 2*v + 2*a - a. List the prime factors of v.
2, 17
Let r = 0 + 4. Suppose -4*c - 8 = 0, -2*q - 3*c + c = 4. Suppose -r*h + 28 - 8 = q. What are the prime factors of h?
5
Let t(c) = 7*c - 11. Let x be t(8). Suppose -3*h = 2*a - 54, -a - x = -5*h + 2*h. List the prime factors of h.
2
Let r = -11 + 16. Let f(j) be the third derivative of j**4/24 - j**3/3 - j**2. List the prime factors of f(r).
3
Let a = 4 - 3. Let z be ((-2)/(-4))/(a/8). Suppose 5*r = -z*o + 27, -r - 4*r = 2*o - 31. List the prime factors of r.
7
What are the prime factors of (-2)/5*7670/(-13)?
2, 59
Let w(f) = 3*f**3 - 2*f**2 + 2*f - 1. Let